{"id":122,"date":"2015-07-26T23:26:05","date_gmt":"2015-07-26T21:26:05","guid":{"rendered":"http:\/\/stammoestringen.de\/?page_id=122"},"modified":"2015-08-15T12:03:47","modified_gmt":"2015-08-15T10:03:47","slug":"fahrten-und-lager","status":"publish","type":"page","link":"http:\/\/stammoestringen.de\/?page_id=122","title":{"rendered":"Fahrten und Lager"},"content":{"rendered":"<table>\n<tbody>\n<tr>\n<td><a href=\"http:\/\/stammoestringen.de\/wp-content\/uploads\/2015\/07\/Fahrt02.jpg\"><img loading=\"lazy\" decoding=\"async\" class=\"alignright size-medium wp-image-315\" src=\"http:\/\/stammoestringen.de\/wp-content\/uploads\/2015\/07\/Fahrt02-300x200.jpg\" alt=\"Fahrt02\" width=\"300\" height=\"200\" srcset=\"http:\/\/stammoestringen.de\/wp-content\/uploads\/2015\/07\/Fahrt02-300x200.jpg 300w, http:\/\/stammoestringen.de\/wp-content\/uploads\/2015\/07\/Fahrt02.jpg 400w\" sizes=\"(max-width: 300px) 100vw, 300px\" \/><\/a><\/td>\n<td><\/td>\n<td><a href=\"http:\/\/stammoestringen.de\/wp-content\/uploads\/2015\/07\/Fahrt03.jpg\"><img loading=\"lazy\" decoding=\"async\" class=\"alignright size-medium wp-image-316\" src=\"http:\/\/stammoestringen.de\/wp-content\/uploads\/2015\/07\/Fahrt03-300x200.jpg\" alt=\"Fahrt03\" width=\"300\" height=\"200\" srcset=\"http:\/\/stammoestringen.de\/wp-content\/uploads\/2015\/07\/Fahrt03-300x200.jpg 300w, http:\/\/stammoestringen.de\/wp-content\/uploads\/2015\/07\/Fahrt03.jpg 400w\" sizes=\"(max-width: 300px) 100vw, 300px\" \/><\/a><\/td>\n<\/tr>\n<\/tbody>\n<\/table>\n<h3><span style=\"font-size: 24.0pt; font-family: Immenhausen; color: #1d4899; background-color: #ffcb04;\">Auf Fahrt und im Lager: Gemeinsam Abenteuer erleben<\/span><\/h3>\n<p><b>Pfadfinderinnen und Pfadfinder sind st\u00e4ndig unterwegs:<\/b> am Wochenende, in den Ferien, in der Region, in Deutschland oder im Ausland. Wir wollen raus &#8211; raus aus dem Alltag, raus in die Natur. Deshalb gehen wir auf Fahrt oder nehmen an Zeltlagern teil, die meist unter einem Motto stehen.<\/p>\n<p><b>Wir schlafen in Kohten und Jurten<\/b> &#8211; so hei\u00dfen unsere Zelte<b>.<\/b> Zeltplanen und Verpflegung werden verteilt auf alle, die mitwandern. So tr\u00e4gt jeder die Last f\u00fcr sich und die anderen. Ein Quartier f\u00fcr die Nacht muss die Gruppe jeden Abend aufs neue suchen. Und falls sie keines findet, ist die Kohte schnell aufgebaut, oder der Schlafsack unter dem Sternenhimmel ausgerollt. Auf Fahrt gehen ist wunderbar und unbestritten einer der wichtigsten Bestandteile des Pfadfinderlebens.<\/p>\n<p><b>Ob auf dem Stammeslager, dem Landeslager, dem Bundeslager oder dem Jamboree<\/b>: Hier leben die Pfadfinderinnen und Pfadfinder Tag und Nacht in der Gruppe zusammen, sehen alte Freunde wieder und lernen neue kennen. Am Abend treffen wir uns in der Jurte am Lagerfeuer, singen unsere Lieder, traditionsreiche und moderne, erz\u00e4hlen Geschichten und trinken Tschai, einen gew\u00fcrzten hei\u00dfen Tee.<\/p>\n<p class=\"bodytext\"><b>Diese gemeinsamen Tage und Stunden<\/b> <b>verbinden Pfadfinderinnen und Pfadfinder, nicht selten ein Leben lang<\/b>. Das gemeinsam Erlebte &#8211; abseits von Schule, Studium oder Arbeit &#8211; kn\u00fcpft ein Band. Und wenn eine Fahrt, ein Lager vorbei ist, dann ist die Sehnsucht nach dem n\u00e4chsten gemeinsamen Abenteuer gro\u00df.<\/p>\n<table>\n<tbody>\n<tr>\n<td><a href=\"http:\/\/stammoestringen.de\/wp-content\/uploads\/2015\/07\/Fahrt.jpg\"><img loading=\"lazy\" decoding=\"async\" class=\"alignright size-medium wp-image-314\" src=\"http:\/\/stammoestringen.de\/wp-content\/uploads\/2015\/07\/Fahrt-300x200.jpg\" alt=\"Fahrt\" width=\"300\" height=\"200\" srcset=\"http:\/\/stammoestringen.de\/wp-content\/uploads\/2015\/07\/Fahrt-300x200.jpg 300w, http:\/\/stammoestringen.de\/wp-content\/uploads\/2015\/07\/Fahrt.jpg 400w\" sizes=\"(max-width: 300px) 100vw, 300px\" \/><\/a><\/td>\n<td><\/td>\n<td><a href=\"http:\/\/stammoestringen.de\/wp-content\/uploads\/2015\/07\/Fahrt04.jpg\"><img loading=\"lazy\" decoding=\"async\" class=\"alignright size-medium wp-image-317\" src=\"http:\/\/stammoestringen.de\/wp-content\/uploads\/2015\/07\/Fahrt04-300x200.jpg\" alt=\"Fahrt04\" width=\"300\" height=\"200\" srcset=\"http:\/\/stammoestringen.de\/wp-content\/uploads\/2015\/07\/Fahrt04-300x200.jpg 300w, http:\/\/stammoestringen.de\/wp-content\/uploads\/2015\/07\/Fahrt04.jpg 400w\" sizes=\"(max-width: 300px) 100vw, 300px\" \/><\/a><\/td>\n<\/tr>\n<\/tbody>\n<\/table>\n","protected":false},"excerpt":{"rendered":"<p>Auf Fahrt und im Lager: Gemeinsam Abenteuer erleben Pfadfinderinnen und Pfadfinder sind st\u00e4ndig unterwegs: am Wochenende, in den Ferien, in der Region, in Deutschland oder im Ausland. Wir wollen raus &#8211; raus aus dem Alltag, raus in die Natur. Deshalb gehen wir auf Fahrt oder nehmen an Zeltlagern teil, die meist unter einem Motto stehen. [&hellip;]<\/p>\n","protected":false},"author":1,"featured_media":0,"parent":0,"menu_order":0,"comment_status":"closed","ping_status":"closed","template":"","meta":{"footnotes":""},"class_list":["post-122","page","type-page","status-publish","hentry"],"_links":{"self":[{"href":"http:\/\/stammoestringen.de\/index.php?rest_route=\/wp\/v2\/pages\/122"}],"collection":[{"href":"http:\/\/stammoestringen.de\/index.php?rest_route=\/wp\/v2\/pages"}],"about":[{"href":"http:\/\/stammoestringen.de\/index.php?rest_route=\/wp\/v2\/types\/page"}],"author":[{"embeddable":true,"href":"http:\/\/stammoestringen.de\/index.php?rest_route=\/wp\/v2\/users\/1"}],"replies":[{"embeddable":true,"href":"http:\/\/stammoestringen.de\/index.php?rest_route=%2Fwp%2Fv2%2Fcomments&post=122"}],"version-history":[{"count":4,"href":"http:\/\/stammoestringen.de\/index.php?rest_route=\/wp\/v2\/pages\/122\/revisions"}],"predecessor-version":[{"id":359,"href":"http:\/\/stammoestringen.de\/index.php?rest_route=\/wp\/v2\/pages\/122\/revisions\/359"}],"wp:attachment":[{"href":"http:\/\/stammoestringen.de\/index.php?rest_route=%2Fwp%2Fv2%2Fmedia&parent=122"}],"curies":[{"name":"wp","href":"https:\/\/api.w.org\/{rel}","templated":true}]}}

<table>
<tbody>
<tr>
<td><a href="http://stammoestringen.de/wp-content/uploads/2015/07/Fahrt02.jpg"><img loading="lazy" decoding="async" class="alignright size-medium wp-image-315" src="http://stammoestringen.de/wp-content/uploads/2015/07/Fahrt02-300x200.jpg" alt="Fahrt02" width="300" height="200" srcset="http://stammoestringen.de/wp-content/uploads/2015/07/Fahrt02-300x200.jpg 300w, http://stammoestringen.de/wp-content/uploads/2015/07/Fahrt02.jpg 400w" sizes="(max-width: 300px) 100vw, 300px" /></a></td>
<td></td>
<td><a href="http://stammoestringen.de/wp-content/uploads/2015/07/Fahrt03.jpg"><img loading="lazy" decoding="async" class="alignright size-medium wp-image-316" src="http://stammoestringen.de/wp-content/uploads/2015/07/Fahrt03-300x200.jpg" alt="Fahrt03" width="300" height="200" srcset="http://stammoestringen.de/wp-content/uploads/2015/07/Fahrt03-300x200.jpg 300w, http://stammoestringen.de/wp-content/uploads/2015/07/Fahrt03.jpg 400w" sizes="(max-width: 300px) 100vw, 300px" /></a></td>
</tr>
</tbody>
</table>
<h3><span style="font-size: 24.0pt; font-family: Immenhausen; color: #1d4899; background-color: #ffcb04;">Auf Fahrt und im Lager: Gemeinsam Abenteuer erleben</span></h3>
<p><b>Pfadfinderinnen und Pfadfinder sind ständig unterwegs:</b> am Wochenende, in den Ferien, in der Region, in Deutschland oder im Ausland. Wir wollen raus &#8211; raus aus dem Alltag, raus in die Natur. Deshalb gehen wir auf Fahrt oder nehmen an Zeltlagern teil, die meist unter einem Motto stehen.</p>
<p><b>Wir schlafen in Kohten und Jurten</b> &#8211; so heißen unsere Zelte<b>.</b> Zeltplanen und Verpflegung werden verteilt auf alle, die mitwandern. So trägt jeder die Last für sich und die anderen. Ein Quartier für die Nacht muss die Gruppe jeden Abend aufs neue suchen. Und falls sie keines findet, ist die Kohte schnell aufgebaut, oder der Schlafsack unter dem Sternenhimmel ausgerollt. Auf Fahrt gehen ist wunderbar und unbestritten einer der wichtigsten Bestandteile des Pfadfinderlebens.</p>
<p><b>Ob auf dem Stammeslager, dem Landeslager, dem Bundeslager oder dem Jamboree</b>: Hier leben die Pfadfinderinnen und Pfadfinder Tag und Nacht in der Gruppe zusammen, sehen alte Freunde wieder und lernen neue kennen. Am Abend treffen wir uns in der Jurte am Lagerfeuer, singen unsere Lieder, traditionsreiche und moderne, erzählen Geschichten und trinken Tschai, einen gewürzten heißen Tee.</p>
<p class="bodytext"><b>Diese gemeinsamen Tage und Stunden</b> <b>verbinden Pfadfinderinnen und Pfadfinder, nicht selten ein Leben lang</b>. Das gemeinsam Erlebte &#8211; abseits von Schule, Studium oder Arbeit &#8211; knüpft ein Band. Und wenn eine Fahrt, ein Lager vorbei ist, dann ist die Sehnsucht nach dem nächsten gemeinsamen Abenteuer groß.</p>
<table>
<tbody>
<tr>
<td><a href="http://stammoestringen.de/wp-content/uploads/2015/07/Fahrt.jpg"><img loading="lazy" decoding="async" class="alignright size-medium wp-image-314" src="http://stammoestringen.de/wp-content/uploads/2015/07/Fahrt-300x200.jpg" alt="Fahrt" width="300" height="200" srcset="http://stammoestringen.de/wp-content/uploads/2015/07/Fahrt-300x200.jpg 300w, http://stammoestringen.de/wp-content/uploads/2015/07/Fahrt.jpg 400w" sizes="(max-width: 300px) 100vw, 300px" /></a></td>
<td></td>
<td><a href="http://stammoestringen.de/wp-content/uploads/2015/07/Fahrt04.jpg"><img loading="lazy" decoding="async" class="alignright size-medium wp-image-317" src="http://stammoestringen.de/wp-content/uploads/2015/07/Fahrt04-300x200.jpg" alt="Fahrt04" width="300" height="200" srcset="http://stammoestringen.de/wp-content/uploads/2015/07/Fahrt04-300x200.jpg 300w, http://stammoestringen.de/wp-content/uploads/2015/07/Fahrt04.jpg 400w" sizes="(max-width: 300px) 100vw, 300px" /></a></td>
</tr>
</tbody>
</table>

<p>Auf Fahrt und im Lager: Gemeinsam Abenteuer erleben Pfadfinderinnen und Pfadfinder sind ständig unterwegs: am Wochenende, in den Ferien, in der Region, in Deutschland oder im Ausland. Wir wollen raus &#8211; raus aus dem Alltag, raus in die Natur. Deshalb gehen wir auf Fahrt oder nehmen an Zeltlagern teil, die meist unter einem Motto stehen. [&hellip;]</p>
