{"id":150,"date":"2015-07-26T23:43:11","date_gmt":"2015-07-26T21:43:11","guid":{"rendered":"http:\/\/stammoestringen.de\/?page_id=150"},"modified":"2015-07-30T07:51:59","modified_gmt":"2015-07-30T05:51:59","slug":"halstuch","status":"publish","type":"page","link":"http:\/\/stammoestringen.de\/?page_id=150","title":{"rendered":"Halstuch"},"content":{"rendered":"<p><strong>Eines f\u00fcr alle: Das Halstuch<\/strong><\/p>\n<table style=\"height: 494px;\" width=\"653\">\n<tbody>\n<tr>\n<td>Getragen auf einem einfarbigen Hemd nennt sich das Halstuch Kluft oder Tracht. Kluft tragen geh\u00f6rt zum Pfadfinderleben genauso wie Lagerfeuer, Singen, Zelten und Wandern. Je nach Pfadfinderbund variiert auch die Farbe des Halstuchs oder die der Hemden. Die Kluft tragen die Pfadfinderinnen und Pfadfinder als Zeichen ihrer Zusammengeh\u00f6rigkeit bei allen Unternehmungen, Treffen, Aktionen und vor allem auf Fahrt.<\/td>\n<td><img loading=\"lazy\" decoding=\"async\" class=\"\" src=\"http:\/\/www.pfadfinden.de\/fileadmin\/Bilder\/Pfadfinden\/Halstuch\/Halstuch01.jpg\" alt=\"\" width=\"313\" height=\"209\" \/><\/td>\n<\/tr>\n<tr>\n<td><img loading=\"lazy\" decoding=\"async\" class=\"\" src=\"http:\/\/www.pfadfinden.de\/fileadmin\/Bilder\/Pfadfinden\/Halstuch\/Halstuch02.jpg\" alt=\"\" width=\"335\" height=\"223\" \/><\/td>\n<td>Mit der Kluft muss sich niemand ausgegrenzt f\u00fchlen, nur weil er nicht die neusten Marken tr\u00e4gt. Alle haben eine gemeinsame Kleidung und treten so als Teil einer Gemeinschaft auf. Die auff\u00e4llige Kluft ist T\u00fcr\u00f6ffner bei der Schlafplatzsuche auf Fahrt und manchmal kommt es durch sie zu spontanen Einladungen und Begegnungen. Im BdP tragen wir ein blau-gelbes Halstuch und ein dunkelblaues Hemd. Bei den W\u00f6lflingen ist das Halstuch einfarbig gelb.<\/td>\n<\/tr>\n<\/tbody>\n<\/table>\n","protected":false},"excerpt":{"rendered":"<p>Eines f\u00fcr alle: Das Halstuch Getragen auf einem einfarbigen Hemd nennt sich das Halstuch Kluft oder Tracht. Kluft tragen geh\u00f6rt zum Pfadfinderleben genauso wie Lagerfeuer, Singen, Zelten und Wandern. Je nach Pfadfinderbund variiert auch die Farbe des Halstuchs oder die der Hemden. Die Kluft tragen die Pfadfinderinnen und Pfadfinder als Zeichen ihrer Zusammengeh\u00f6rigkeit bei allen [&hellip;]<\/p>\n","protected":false},"author":1,"featured_media":0,"parent":0,"menu_order":0,"comment_status":"closed","ping_status":"closed","template":"","meta":{"footnotes":""},"class_list":["post-150","page","type-page","status-publish","hentry"],"_links":{"self":[{"href":"http:\/\/stammoestringen.de\/index.php?rest_route=\/wp\/v2\/pages\/150"}],"collection":[{"href":"http:\/\/stammoestringen.de\/index.php?rest_route=\/wp\/v2\/pages"}],"about":[{"href":"http:\/\/stammoestringen.de\/index.php?rest_route=\/wp\/v2\/types\/page"}],"author":[{"embeddable":true,"href":"http:\/\/stammoestringen.de\/index.php?rest_route=\/wp\/v2\/users\/1"}],"replies":[{"embeddable":true,"href":"http:\/\/stammoestringen.de\/index.php?rest_route=%2Fwp%2Fv2%2Fcomments&post=150"}],"version-history":[{"count":5,"href":"http:\/\/stammoestringen.de\/index.php?rest_route=\/wp\/v2\/pages\/150\/revisions"}],"predecessor-version":[{"id":312,"href":"http:\/\/stammoestringen.de\/index.php?rest_route=\/wp\/v2\/pages\/150\/revisions\/312"}],"wp:attachment":[{"href":"http:\/\/stammoestringen.de\/index.php?rest_route=%2Fwp%2Fv2%2Fmedia&parent=150"}],"curies":[{"name":"wp","href":"https:\/\/api.w.org\/{rel}","templated":true}]}}

<p><strong>Eines für alle: Das Halstuch</strong></p>
<table style="height: 494px;" width="653">
<tbody>
<tr>
<td>Getragen auf einem einfarbigen Hemd nennt sich das Halstuch Kluft oder Tracht. Kluft tragen gehört zum Pfadfinderleben genauso wie Lagerfeuer, Singen, Zelten und Wandern. Je nach Pfadfinderbund variiert auch die Farbe des Halstuchs oder die der Hemden. Die Kluft tragen die Pfadfinderinnen und Pfadfinder als Zeichen ihrer Zusammengehörigkeit bei allen Unternehmungen, Treffen, Aktionen und vor allem auf Fahrt.</td>
<td><img loading="lazy" decoding="async" class="" src="http://www.pfadfinden.de/fileadmin/Bilder/Pfadfinden/Halstuch/Halstuch01.jpg" alt="" width="313" height="209" /></td>
</tr>
<tr>
<td><img loading="lazy" decoding="async" class="" src="http://www.pfadfinden.de/fileadmin/Bilder/Pfadfinden/Halstuch/Halstuch02.jpg" alt="" width="335" height="223" /></td>
<td>Mit der Kluft muss sich niemand ausgegrenzt fühlen, nur weil er nicht die neusten Marken trägt. Alle haben eine gemeinsame Kleidung und treten so als Teil einer Gemeinschaft auf. Die auffällige Kluft ist Türöffner bei der Schlafplatzsuche auf Fahrt und manchmal kommt es durch sie zu spontanen Einladungen und Begegnungen. Im BdP tragen wir ein blau-gelbes Halstuch und ein dunkelblaues Hemd. Bei den Wölflingen ist das Halstuch einfarbig gelb.</td>
</tr>
</tbody>
</table>

<p>Eines für alle: Das Halstuch Getragen auf einem einfarbigen Hemd nennt sich das Halstuch Kluft oder Tracht. Kluft tragen gehört zum Pfadfinderleben genauso wie Lagerfeuer, Singen, Zelten und Wandern. Je nach Pfadfinderbund variiert auch die Farbe des Halstuchs oder die der Hemden. Die Kluft tragen die Pfadfinderinnen und Pfadfinder als Zeichen ihrer Zusammengehörigkeit bei allen [&hellip;]</p>
