{"id":30,"date":"2015-07-26T12:48:19","date_gmt":"2015-07-26T12:48:19","guid":{"rendered":"http:\/\/stammoestringen.de\/?page_id=30"},"modified":"2018-04-22T19:11:21","modified_gmt":"2018-04-22T17:11:21","slug":"stammesfuehrung","status":"publish","type":"page","link":"http:\/\/stammoestringen.de\/?page_id=30","title":{"rendered":"Stammesf\u00fchrung"},"content":{"rendered":"<p>Wir sind die Stammesf\u00fchrung des Stamm Oestringen<\/p>\n<table style=\"height: 1194px;\" width=\"428\">\n<tbody>\n<tr>\n<td>\n<h3>Jana (Moh) M\u00fcller<\/h3>\n<p><span style=\"color: #1d4899;\">Stammesf\u00fchrerInn<br \/>\n<a href=\"mailto:jana@stammoestringen.de\">Jana(at)stammoestringen.de<\/a><\/span><\/td>\n<td><\/td>\n<\/tr>\n<tr>\n<td>\n<h3>Themke Kasdorf<\/h3>\n<p><span style=\"color: #1d4899;\">Stammesf\u00fchrer<br \/>\n<a href=\"mailto:jens@stammoestringen.de\">Themke(at)Stammoestringen.de<\/a><\/span><\/td>\n<td><\/td>\n<\/tr>\n<tr>\n<td>\n<h3>Rene Bohlken<\/h3>\n<p><span style=\"color: #1d4899;\">Stellv. Stammesf\u00fchrer<br \/>\n<a href=\"mailto:rene@stammoestringen.de\">Rene(at)stammoestringen.de<\/a><\/span><\/td>\n<td><\/td>\n<\/tr>\n<tr>\n<td>\n<h3>Max Josef Schorn<\/h3>\n<p><span style=\"color: #1d4899;\">Stellv. Stammesf\u00fchrer<br \/>\n<a href=\"mailto:max@stammoestringen.de\">Max(at)stammoestringen.de<\/a><\/span><\/td>\n<td>\u00a0<a href=\"http:\/\/stammoestringen.de\/wp-content\/uploads\/2015\/07\/Max-Josef.jpg\" rel=\"attachment wp-att-462\"><img loading=\"lazy\" decoding=\"async\" class=\"wp-image-462 aligncenter\" src=\"http:\/\/stammoestringen.de\/wp-content\/uploads\/2015\/07\/Max-Josef-169x300.jpg\" alt=\"Max-Josef\" width=\"113\" height=\"200\" srcset=\"http:\/\/stammoestringen.de\/wp-content\/uploads\/2015\/07\/Max-Josef-169x300.jpg 169w, http:\/\/stammoestringen.de\/wp-content\/uploads\/2015\/07\/Max-Josef-768x1365.jpg 768w, http:\/\/stammoestringen.de\/wp-content\/uploads\/2015\/07\/Max-Josef.jpg 900w\" sizes=\"(max-width: 113px) 100vw, 113px\" \/><\/a><\/td>\n<\/tr>\n<tr>\n<td>\n<h3>Timo M\u00fcller<\/h3>\n<p><span style=\"color: #1d4899;\">Der Kassenwart<br \/>\n<a href=\"mailto:Timo@stammoestringen.de\">Timo(at)stammoestringen.de<\/a><\/span><\/td>\n<td>\u00a0<a href=\"http:\/\/stammoestringen.de\/wp-content\/uploads\/2015\/07\/timo-3.jpg\"><img loading=\"lazy\" decoding=\"async\" class=\" wp-image-234 aligncenter\" src=\"http:\/\/stammoestringen.de\/wp-content\/uploads\/2015\/07\/timo-3-175x300.jpg\" alt=\"timo-3\" width=\"114\" height=\"196\" srcset=\"http:\/\/stammoestringen.de\/wp-content\/uploads\/2015\/07\/timo-3-175x300.jpg 175w, http:\/\/stammoestringen.de\/wp-content\/uploads\/2015\/07\/timo-3.jpg 200w\" sizes=\"(max-width: 114px) 100vw, 114px\" \/><\/a><\/td>\n<\/tr>\n<\/tbody>\n<\/table>\n","protected":false},"excerpt":{"rendered":"<p>Wir sind die Stammesf\u00fchrung des Stamm Oestringen Jana (Moh) M\u00fcller Stammesf\u00fchrerInn Jana(at)stammoestringen.de Themke Kasdorf Stammesf\u00fchrer Themke(at)Stammoestringen.de Rene Bohlken Stellv. Stammesf\u00fchrer Rene(at)stammoestringen.de Max Josef Schorn Stellv. Stammesf\u00fchrer Max(at)stammoestringen.de \u00a0 Timo M\u00fcller Der Kassenwart Timo(at)stammoestringen.de \u00a0<\/p>\n","protected":false},"author":1,"featured_media":0,"parent":0,"menu_order":0,"comment_status":"closed","ping_status":"closed","template":"","meta":{"footnotes":""},"class_list":["post-30","page","type-page","status-publish","hentry"],"_links":{"self":[{"href":"http:\/\/stammoestringen.de\/index.php?rest_route=\/wp\/v2\/pages\/30"}],"collection":[{"href":"http:\/\/stammoestringen.de\/index.php?rest_route=\/wp\/v2\/pages"}],"about":[{"href":"http:\/\/stammoestringen.de\/index.php?rest_route=\/wp\/v2\/types\/page"}],"author":[{"embeddable":true,"href":"http:\/\/stammoestringen.de\/index.php?rest_route=\/wp\/v2\/users\/1"}],"replies":[{"embeddable":true,"href":"http:\/\/stammoestringen.de\/index.php?rest_route=%2Fwp%2Fv2%2Fcomments&post=30"}],"version-history":[{"count":28,"href":"http:\/\/stammoestringen.de\/index.php?rest_route=\/wp\/v2\/pages\/30\/revisions"}],"predecessor-version":[{"id":497,"href":"http:\/\/stammoestringen.de\/index.php?rest_route=\/wp\/v2\/pages\/30\/revisions\/497"}],"wp:attachment":[{"href":"http:\/\/stammoestringen.de\/index.php?rest_route=%2Fwp%2Fv2%2Fmedia&parent=30"}],"curies":[{"name":"wp","href":"https:\/\/api.w.org\/{rel}","templated":true}]}}